ed by 188?
187
What is the remainder when 18567 is divided by 151?
145
What is the remainder when 866 is divided by 29?
25
Calculate the remainder when 182 is divided by 37.
34
What is the remainder when 23 is divided by 6?
5
What is the remainder when 559 is divided by 3?
1
Calculate the remainder when 59 is divided by 38.
21
Calculate the remainder when 151 is divided by 43.
22
What is the remainder when 1619 is divided by 30?
29
Calculate the remainder when 116 is divided by 20.
16
What is the remainder when 675 is divided by 64?
35
Calculate the remainder when 110 is divided by 30.
20
What is the remainder when 173 is divided by 157?
16
Calculate the remainder when 707 is divided by 196.
119
Calculate the remainder when 1111 is divided by 12.
7
What is the remainder when 1005 is divided by 36?
33
What is the remainder when 326 is divided by 82?
80
Calculate the remainder when 146 is divided by 111.
35
Calculate the remainder when 697 is divided by 158.
65
What is the remainder when 507 is divided by 39?
0
Calculate the remainder when 248 is divided by 64.
56
What is the remainder when 1948 is divided by 78?
76
What is the remainder when 179 is divided by 173?
6
What is the remainder when 106 is divided by 40?
26
What is the remainder when 253 is divided by 80?
13
Calculate the remainder when 200 is divided by 174.
26
What is the remainder when 919 is divided by 17?
1
What is the remainder when 3613 is divided by 145?
133
Calculate the remainder when 1836 is divided by 22.
10
What is the remainder when 2259 is divided by 13?
10
Calculate the remainder when 454 is divided by 96.
70
Calculate the remainder when 5680 is divided by 21.
10
Calculate the remainder when 326 is divided by 26.
14
What is the remainder when 751 is divided by 203?
142
Calculate the remainder when 9 is divided by 8.
1
Calculate the remainder when 161 is divided by 3.
2
Calculate the remainder when 108 is divided by 57.
51
Calculate the remainder when 85 is divided by 4.
1
Calculate the remainder when 121 is divided by 57.
7
What is the remainder when 959 is divided by 55?
24
Calculate the remainder when 137 is divided by 40.
17
Calculate the remainder when 166 is divided by 27.
4
Calculate the remainder when 700 is divided by 346.
8
Calculate the remainder when 1255 is divided by 418.
1
Calculate the remainder when 352 is divided by 123.
106
What is the remainder when 602 is divided by 153?
143
What is the remainder when 119 is divided by 26?
15
Calculate the remainder when 2706 is divided by 672.
18
What is the remainder when 1449 is divided by 85?
4
What is the remainder when 267 is divided by 36?
15
What is the remainder when 517 is divided by 145?
82
Calculate the remainder when 1138 is divided by 22.
16
What is the remainder when 1170 is divided by 190?
30
What is the remainder when 67159 is divided by 183?
181
What is the remainder when 1289 is divided by 86?
85
What is the remainder when 5383 is divided by 87?
76
What is the remainder when 847 is divided by 10?
7
Calculate the remainder when 12 is divided by 3.
0
What is the remainder when 1342 is divided by 135?
127
What is the remainder when 432 is divided by 89?
76
What is the remainder when 1698 is divided by 10?
8
What is the remainder when 381 is divided by 58?
33
Calculate the remainder when 102 is divided by 9.
3
Calculate the remainder when 13 is divided by 13.
0
Calculate the remainder when 1998 is divided by 87.
84
What is the remainder when 1142 is divided by 1140?
2
What is the remainder when 14667 is divided by 193?
192
What is the remainder when 3457 is divided by 1723?
11
What is the remainder when 19397 is divided by 40?
37
Calculate the remainder when 21032 is divided by 123.
122
What is the remainder when 486 is divided by 191?
104
What is the remainder when 3359 is divided by 42?
41
Calculate the remainder when 711 is divided by 56.
39
What is the remainder when 750 is divided by 22?
2
What is the remainder when 827 is divided by 104?
99
Calculate the remainder when 191 is divided by 20.
11
Calculate the remainder when 146 is divided by 32.
18
What is the remainder when 95 is divided by 52?
43
What is the remainder when 1023 is divided by 257?
252
Calculate the remainder when 618 is divided by 182.
72
Calculate the remainder when 533 is divided by 130.
13
Calculate the remainder when 738 is divided by 63.
45
Calculate the remainder when 1261 is divided by 104.
13
What is the remainder when 74 is divided by 4?
2
Calculate the remainder when 200 is divided by 7.
4
Calculate the remainder when 4748 is divided by 66.
62
Calculate the remainder when 103 is divided by 12.
7
Calculate the remainder when 103 is divided by 28.
19
Calculate the remainder when 494 is divided by 16.
14
Calculate the remainder when 191 is divided by 14.
9
What is the remainder when 1183 is divided by 168?
7
Calculate the remainder when 189 is divided by 16.
13
What is the remainder when 2546 is divided by 17?
13
Calculate the remainder when 29 is divided by 24.
5
Calculate the remainder when 53 is divided by 32.
21
Calculate the remainder when 1585 is divided by 61.
60
Calculate the remainder when 34 is divided by 19.
15
Calculate the remainder when 83 is divided by 28.
27
What is the remainder when 1495 is divided by 485?
40
Calculate the remainder when 2394 is divided by 241.
225
What is the remainder when 2967 is divided by 494?
3
Calculate the remainder when 3183 is divided by 47.
34
Calculate the remainder when 4933 is divided by 141.
139
Calculate the remainder when 155 is divided by 39.
38
Calculate the remainder when 525 is divided by 32.
13
What is the remainder when 6213 is divided by 7?
4
Calculate the remainder when 173 is divided by 30.
23
Calculate the remainder when 70 is divided by 31.
8
Calculate the remainder when 64 is divided by 22.
20
What is the remainder when 299 is divided by 25?
24
Calculate the remainder when 401 is divided by 27.
23
What is the remainder when 326 is divided by 25?
1
Calculate the remainder when 766 is divided by 16.
14
Calculate the remainder when 38 is divided by 23.
15
What is the remainder when 74 is divided by 29?
16
What is the remainder when 417 is divided by 38?
37
Calculate the remainder when 609 is divided by 36.
33
What is the remainder when 105 is divided by 1?
0
Calculate the remainder when 844 is divided by 18.
16
What is the remainder when 485 is divided by 479?
6
What is the remainder when 1809 is divided by 49?
45
Calculate the remainder when 310 is divided by 6.
4
What is the remainder when 461 is divided by 18?
11
Calculate the remainder when 3353 is divided by 280.
273
Calculate the remainder when 175 is divided by 91.
84
What is the remainder when 755 is divided by 14?
13
Calculate the remainder when 1139 is divided by 372.
23
Calculate the remainder when 7487 is divided by 17.
7
What is the remainder when 1002 is divided by 66?
12
Calculate the remainder when 450 is divided by 41.
40
What is the remainder when 60 is divided by 3?
0
What is the remainder when 1967 is divided by 47?
40
Calculate the remainder when 818 is divided by 55.
48
Calculate the remainder when 3334 is divided by 21.
16
Calculate the remainder when 1104 is divided by 78.
12
Calculate the remainder when 42 is divided by 17.
8
What is the remainder when 414 is divided by 144?
126
What is the remainder when 7623 is divided by 62?
59
What is the remainder when 2345 is divided by 24?
17
Calculate the remainder when 345 is divided by 17.
5
Calculate the remainder when 446 is divided by 18.
14
Calculate the remainder when 772 is divided by 183.
40
What is the remainder when 49 is divided by 9?
4
Calculate the remainder when 1467 is divided by 21.
18
Calculate the remainder when 47 is divided by 22.
3
What is the remainder when 268 is divided by 113?
42
What is the remainder when 1629 is divided by 12?
9
Calculate the remainder when 5290 is divided by 37.
36
What is the remainder when 1236 is divided by 16?
4
Calculate the remainder when 142 is divided by 36.
34
What is the remainder when 3918 is divided by 140?
138
What is the remainder when 258 is divided by 9?
6
What is the remainder when 909 is divided by 70?
69
Calculate the remainder when 755 is divided by 14.
13
What is the remainder